*3 + b - 5*l**2 + 0 + 0*l**2. Give q(t).
4
Let i(n) be the third derivative of -7/120*n**6 + 0*n**5 + 0 + 2*n**2 + 0*n + 1/6*n**3 + 0*n**4. Determine i(1).
-6
Let t(v) = -v**3 - 4*v**2 - 2*v - 6. Let f be t(-4). Let g(d) be the first derivative of -f*d + 0*d**2 + 2 + 1/3*d**3. Determine g(-2).
2
Suppose -z = -3*z + 58. Suppose -4*n - 5*k - z = -3*n, k = -5. Let b(d) = -3*d - 4. Determine b(n).
8
Let j = 10 + 32. Let l be ((-5)/(-6))/(7/j). Let v(u) = u**2 - 2*u**2 - 4*u**2 + u**3. Determine v(l).
0
Let w(i) = -2*i**2 - i**3 - 3*i**2 - 4*i + 1 + 1. Let d be w(-4). Let a(r) = -r - r**d - r + r. Give a(1).
-2
Let u be 2/8 + 398/8. Let m = -154 + u. Let d be m/28 - 4/14. Let y(f) = -f**3 - 5*f**2 - 6*f - 5. Determine y(d).
3
Suppose 3*w - 3 = -3. Let s(o) = -o**3 - o - 3. Determine s(w).
-3
Let z(b) = b**3 + 9*b**2 + 6*b + 4. Let h(p) = -3*p**3 - 26*p**2 - 18*p - 11. Let k(c) = 3*h(c) + 8*z(c). What is k(-4)?
-9
Let h(k) = -342*k - 4 + k**3 + 342*k + 9*k**2. Calculate h(-9).
-4
Let o(l) = -l**2 + 32 - 28 + 3*l - 3*l**2 + l**3. Calculate o(3).
4
Let u(w) be the second derivative of 0 + 3*w - 1/12*w**4 + 3*w**2 + 1/6*w**3. Determine u(0).
6
Let n(m) be the third derivative of 1/3*m**3 - m**2 + 1/12*m**4 + 0*m + 0. Give n(-3).
-4
Let x(t) be the second derivative of -t**3/3 - t**2 + 13*t. Give x(-4).
6
Let o(i) = -i**3 + 4*i**2 - i - 4. Let c(n) = -2*n**3 + 9*n**2 - 2*n - 9. Let q(t) = 3*c(t) - 7*o(t). Give q(-2).
-13
Let z(i) = i**3 + i**2 + 7. Suppose 2*p + 2*o = -0*o + 4, -p = -2*o + 4. Determine z(p).
7
Let v(y) = -1 + 5 - 14*y + 17*y. Calculate v(-3).
-5
Let l(z) = -10 + 0*z**2 - z**2 + 7*z + 13. Determine l(7).
3
Let l(n) = -n + 2. Let j(y) = 2*y - 3. Let x(a) = 6*j(a) + 11*l(a). Let m be x(0). Let f = 7 - m. Let t(o) = -3*o. What is t(f)?
-9
Let o(u) = u**2 - 4*u + 7. Let b be o(4). Let z(m) = m**3 - 6*m**2 - 6*m - 4. What is z(b)?
3
Let r(a) = 3 - 7*a - 89*a**2 + 47*a**2 + 43*a**2. Give r(6).
-3
Let z(v) = v + 3. Suppose 3*y - 16 = -y. Suppose -17 = -y*x - 5*u, 2*x - 4*u = x - 22. Let h be 2/x + -4 + 10. Give z(h).
8
Let q(a) be the first derivative of -4*a**3/3 - a - 26. Determine q(-2).
-17
Let j = -9 + -6. Let z = -14 - j. Let x(k) = 13*k**2. Give x(z).
13
Let q(s) = 5*s + 10. Let n(h) = -h - 1. Let x(r) = r**3 - 6*r**2 + 4*r - 3. Let a be x(5). Let t be 1/(2/(2 + a)). Let i(g) = t*n(g) - q(g). Calculate i(-5).
3
Let h(u) = u**3 - 5*u**2 + 6*u - 6. Let w = -8 + 12. Suppose -2 = 3*y - w*y. Let p be (-4)/(-3 + (y - 0)). Give h(p).
2
Let k = -8 - -3. Let l be 5/(k/(-3)) + 4. Let w(f) = 4*f**2 + f**2 + f**3 - l + 0*f**2. What is w(-5)?
-7
Let b = -13 - -10. Let p(h) be the third derivative of h**4/12 + 2*h**3/3 + 6*h**2. Determine p(b).
-2
Let x(k) = -29 + 66 + 4*k - 36. What is x(-1)?
-3
Let p(v) be the third derivative of -v**4/6 - v**3/6 - v**2. What is p(-4)?
15
Suppose -15 - 12 = -3*j. Let y(m) = 5*m**3 - 6*m**2 - m - 3. Let b(p) = 11*p**3 - 13*p**2 - 2*p - 7. Let s(c) = j*y(c) - 4*b(c). Determine s(3).
7
Let m be 12/16 + 35/28. Let n(d) = d**3 - 3*d**2 + 2*d - 1. Calculate n(m).
-1
Let k be 3 + (-1 - (1 - 1)). Let n(m) = 4*m + 7 + m**2 - 2*m**2 - k*m. Let y(l) = l**3 - 5*l**2 - 4*l - 7. Let p be y(6). Calculate n(p).
-8
Let y(c) = -4*c**3 - 6*c**2 + c - 6. Let a(v) = 5*v**3 + 7*v**2 - v + 7. Let x(q) = 5*a(q) + 6*y(q). Suppose -2*r + 2*p = -0*p - 14, p + 1 = -2*r. Give x(r).
5
Let v(q) = -q + 2 + q**2 + 4*q**2 - 4*q**2 + 7*q. Let w(g) = -g**3 + 2*g**2 - g + 1. Let j be w(2). Let k be -5*1 - (0 + j). Calculate v(k).
-6
Suppose 0 = 2*c - 4, 19 = 4*b + 2*c + 3. Let w(t) = 11 - 6*t**2 - 8 - 3*t + 1 - t**b. What is w(-5)?
-6
Suppose -4*n - b = -63, 3*b + 0*b + 35 = 2*n. Suppose -1 = -5*d - n. Let q(y) be the first derivative of -y**4/4 - y**3 - y**2 - 4*y + 3. What is q(d)?
2
Let h(r) = 12*r**2 - r + 1. Let j be h(1). Let z = 17 - j. Let u(y) be the second derivative of -y**5/20 + 5*y**4/12 + y**3/3 - 3*y**2/2 + y. What is u(z)?
7
Suppose 0 = 2*y + 1 - 7. Let n(a) be the third derivative of a**4/6 - a**3/2 + 6*a**2. What is n(y)?
9
Let s(j) = -j**3 - 2*j**2 + 3*j + 2. Let r = -20 - -17. Calculate s(r).
2
Let q(r) = 3*r. Let l(u) = 2*u**2 - 20*u - 3. Let x be l(10). Determine q(x).
-9
Let r = 5 - 0. Let d = -2 - -5. Let p(l) = -4*l - l + d + 3*l. Give p(r).
-7
Suppose -20 = 4*g - 0*b + b, 2*b = 5*g + 25. Let c(m) = m**3 + 4*m**2 - 2*m. Calculate c(g).
-15
Let u = -37 - -37. Let y(i) be the second derivative of i**4/12 + i**3/6 + 11*i**2/2 - i. Determine y(u).
11
Suppose 2*p - 8 = -0*p. Suppose 3*k - 2*k - p = 0. Suppose k*z = -2 - 6. Let f(x) = -4*x - 1. What is f(z)?
7
Let s(g) = -g + 12. Let r be 13/26 + 1/(-2). Determine s(r).
12
Let p(w) = w - 8. Let j be p(8). Let s(c) = -7*c**2 + 2*c - 7. Let b(x) = -4*x**2 + x - 4. Suppose 0 = 3*m - 2*m + 3. Let v(t) = m*s(t) + 5*b(t). Give v(j).
1
Suppose 0 = 3*l - 7 - 2, -4*u = 4*l. Let v(h) = -h**3 - 2*h**2 + 4. Calculate v(u).
13
Suppose -5*s - 2 = -12. Suppose s*v - 6 = 2. Let z(t) = t**2 - 5*t + 1. What is z(v)?
-3
Suppose -2 = i - 8. Let w(k) be the first derivative of -1/3*k**3 - 7/2*k**2 - 1 - i*k. Give w(-5).
4
Let h(d) = -d**2 + d + 32. Let i be h(-5). Let a(p) = -p**2 - 1. Calculate a(i).
-5
Suppose -3*p + 4*p = -4*p. Let u(m) = -m**3 + m + 2. Give u(p).
2
Let f be 2/(1/(-3) + (-6)/(-9)). Let u(b) = -b + 10. Calculate u(f).
4
Let i(u) = 0*u - 2*u + 4*u**2 + 3 - 5*u**2. Let r = -5 - -11. Let a be 6/(-9) - (-16)/r. Determine i(a).
-5
Let o(l) be the third derivative of -l**6/120 + 7*l**5/60 - l**4/4 - l**3 - 9*l**2. What is o(6)?
-6
Suppose -x = 2*c - 9, -4*x - c = -1 - 0. Suppose 0 = -5*s - 2*b + 3*b + 3, 5*b - 6 = 4*s. Let t(w) = -s + w - 2*w + 3*w. Determine t(x).
-3
Let r(c) be the second derivative of -c**5/20 + c**4/12 - c**3/6 + 2*c**2 + 9*c. What is r(0)?
4
Let o be (-3 + 0 + 6/3)*2. Let c(u) = -2*u**2 - u - 1. Calculate c(o).
-7
Suppose -2*x - h - 7 = -4*h, 3*h - 15 = 0. Let i(w) = -w**3 + 3*w**2 + 5*w - 2. What is i(x)?
2
Let l = -6 - -4. Let o = 7 - 5. Let q(r) = 4*r + 4*r**2 + o - 3*r - 6 + 3. Calculate q(l).
13
Let t(v) = -8*v**2 + 9*v**2 - 7*v - 2 - 4 + v. What is t(6)?
-6
Let g(u) be the first derivative of -u**3 - 11*u**2/2 - 2*u + 1. Let z(x) = 2 + x**2 + 0*x**2 + 4*x - 1. Let p(w) = -4*g(w) - 11*z(w). Give p(3).
6
Suppose -20 = 10*h + 20. Let s(b) = b**3 + 3*b**2 - 4*b + 4. What is s(h)?
4
Let i(s) = 4*s - 1. Suppose -3*a + 30 = -5*a. Let p = 16 + a. Give i(p).
3
Let u(t) be the first derivative of t**3/3 + t**2 - 3. Calculate u(-2).
0
Let o be ((-2)/(-4))/(3/(-36)). Let a(r) = 3*r + 8. Calculate a(o).
-10
Let b(t) = t**2 + 4*t. Suppose 5*p - 3 = -18. Give b(p).
-3
Let x(i) be the second derivative of i**4/12 + 5*i**3/6 + 2*i**2 + 2*i. Let j be (0 - -2)/(6/9). Suppose 0 = u - j*u - 6. Calculate x(u).
-2
Let k(z) = -2*z**2 - 3*z + 4. Let v = 10 + -18. Suppose 0 = -3*i + 7*i + 44. Let y = i - v. Determine k(y).
-5
Let s(p) = -13*p + 0*p + 15 - p**2 + 24*p. What is s(12)?
3
Let y = -18 - -10. Let z(m) = 3*m + 3. Determine z(y).
-21
Let y(n) = 6*n**3 - 4*n**2 + 2*n + 4. Let b(u) = -7*u**3 + 4*u**2 - 2*u - 5. Let c(j) = 3*b(j) + 4*y(j). Calculate c(2).
13
Let b be 7/(-2) - 1/(-2). Suppose -2 = -5*z + 8. Let w(n) = -5 + 5 + z*n. What is w(b)?
-6
Let j(f) be the first derivative of f**4/4 - 2*f**3/3 - f**2/2 + 2*f - 2. Let d = -20 + 22. What is j(d)?
0
Let s = -2 + -3. Let x(n) = n**2 + 4*n - 5. Calculate x(s).
0
Let h(k) = k**3 + 6*k**2 - 2*k - 6. Suppose -2*x = -3*c + 1 + 2, 3*x + 2*c + 24 = 0. Give h(x).
6
Let x(r) = r**3 - 4*r**2 - 6*r. Let o be x(5). Let i = -4 - o. Let d(p) = 7*p**2 - p**2 + i + 7*p - 5*p**2. Calculate d(-5).
-9
Let f(t) = 11*t + 36. Let v(c) = -7*c - 24. Let m(k) = 5*f(k) + 8*v(k). Suppose -4*i + 3*i - 3*u = 8, 4*i + 64 = -4*u. Let h = 14 + i. Determine m(h).
-6
Let v(x) be the first derivative of x**4/4 + x**3/3 - x**2 - 2*x - 2. Let y(m) = -m**3 - 13*m**2 - 13*m - 14. Let r be y(-12). What is v(r)?
-2
Suppose -8 - 4 = -4*n. Let w = n + -4. Let g(s) = -13*s**3 - s**2 - s. Determine g(w).
13
Let h(s) = 18*s - 15. Let m(l) = l - 1. Let b(z) = -h(z) + 15*m(z). Give b(-1).
3
Let q(t) = t**3 + 5*t**2 - t + 4. Let a = 5 + -3. Suppose 0*m - 40 = -a*m. Suppose -5*k = -k + m. Calculate q(k).
9
Let h(m) = 3 - 18 - 21*m - 2. Let c(k) = -5*k - 4. Let b(y) = -9*c(y)